 z(a) be the first derivative of 1/2*a**2 - 3*a - 2. Let o be z(3). Let c(r) = r**2 - r - 7. Give c(o).
-7
Let p be (-1 + 10/6)*6. Let j(u) be the third derivative of u**2 - 1/60*u**5 + 0*u - 5/6*u**3 + 1/6*u**4 + 0. Calculate j(p).
-5
Suppose -h = m + 1, m + 3*h = -2*h + 15. Let a(w) = -w**2 - 9*w + 6. Give a(m).
26
Let y(s) be the first derivative of s**3/3 + 3*s**2 + 6*s - 6. Determine y(-5).
1
Let k(o) = -o**2 + 6*o + 1. Let f be (-3)/(-6)*(-1 - -1). Suppose -t + 6*t - 4 = -q, -3*t = f. Calculate k(q).
9
Let o(g) = -7*g. Let x(l) = -1 + 1 - 6*l + 1. Let z be (9/(-6))/(6/(-20)). Let u(k) = z*x(k) - 4*o(k). What is u(4)?
-3
Let g(m) be the third derivative of -m**6/120 + 7*m**5/60 - 7*m**3/6 - 25*m**2. Calculate g(7).
-7
Let k(p) be the first derivative of 2*p**2 - 1. Let y be 5/(5/(-2)) + 4. Calculate k(y).
8
Let y(g) = g + 13. Let f(d) = -3*d + 10. Let j be f(7). Let z be y(j). Suppose 7 = 3*t - z. Let w(k) = k**3 - 4*k**2 + k + 3. Calculate w(t).
-3
Let n(v) = -3*v - 66 + 32 + 5*v**2 + v + 33. What is n(-1)?
6
Let i(t) be the first derivative of -t**4/2 + t**3/3 - t**2/2 - 17. Give i(1).
-2
Let f be ((-5)/3)/((-1)/(-1 - 2)). Let g(p) = p**3 + 5*p**2 - p - 4. Determine g(f).
1
Suppose 60 - 85 = 5*r. Let n(g) = g - 1. Let m(k) = -k**2 - 8*k + 9. Suppose 0*h - 16 = -4*h. Let i(u) = h*n(u) + m(u). Determine i(r).
0
Let x(v) = -v**2 + v + 3. Suppose 3*m + 12 = 0, -2*t - 2*m + 14 = -3*m. Suppose 4*z - 37 = -t*p, 2*z + 4*p + 7 = 33. Calculate x(z).
-3
Suppose i = -0*i - 4. Let g(k) = -k**2 - 4*k + 3. Calculate g(i).
3
Let g(o) be the first derivative of o**3/3 - o**2/2 - 5*o - 6. Calculate g(0).
-5
Suppose 2*t - 1 = 7. Let f(d) be the first derivative of t*d - 1/3*d**3 + 1 + 0*d**2. Calculate f(3).
-5
Let j(v) be the first derivative of -v**4/4 + 2*v**3 - v**2/2 + v + 34. Determine j(6).
-5
Let v(w) = 6*w - 19. Let q(g) = -4*g + 13. Let j(u) = -7*q(u) - 5*v(u). Calculate j(5).
-6
Let p(a) = -a - 2. Let h be p(-7). Let x(i) = -2*i + 1. Let q(l) = 1. Let m(d) = h*q(d) - x(d). Calculate m(-5).
-6
Let y(r) be the first derivative of r**4/4 + 2*r**3/3 - r**2 - r - 3. Suppose -3 - 3 = -3*u. Give y(u).
11
Let r(p) be the second derivative of p**4/12 - p**3 + 7*p**2/2 + 12*p. What is r(5)?
2
Let v(q) be the first derivative of -q**4/4 + 8*q**3/3 - 9*q**2/2 + 9*q + 2. Calculate v(7).
-5
Let t(a) = a**2 - 4*a + 2. Let v be (-4)/(-24) - 46/(-12). Give t(v).
2
Let o(l) = l + 9. Let p be o(-10). Let c be (p - (-3)/2)*0. Let n(q) = q - 8. Give n(c).
-8
Let g(n) = 11*n**2 + 5 - 16*n**2 + 4*n**2 - 5*n. What is g(-7)?
-9
Suppose -4*l = l. Let y = -6 - -7. Let d(b) = -4 - 3 + 6 - b - y. Give d(l).
-2
Let d(v) be the third derivative of v**5/60 + 7*v**4/24 + v**3 - 6*v**2. Suppose 4*j = -2*b + 2 - 30, 0 = 3*b + 6. What is d(j)?
0
Let m = 2/9 + -1/18. Let r(c) be the third derivative of -1/12*c**4 + c**2 - m*c**3 + 0 + 0*c. Determine r(-5).
9
Let v = -7 - -7. Suppose v = s + s + 10. Let t(a) = a + 3. Determine t(s).
-2
Let g(b) = -b**2 + 6*b - 4. Suppose -4*z + j = -15, -j + 3 = -2*z + 4*z. Suppose 3*t - z*y - 9 = 0, 2*y - 16 = -5*t + 27. Suppose x + 3 - t = 0. Give g(x).
4
Let q(r) = -6*r + 10. Let x(m) = 2*m - 3. Let l(b) = 3*q(b) + 10*x(b). Give l(4).
8
Let x = 5 + -2. Let d be ((x - -5)/(-2))/2. Let u(o) be the third derivative of -o**4/24 - o**3/6 + 2*o**2. Give u(d).
1
Let c(r) = r**2 - 2*r - 5. Let h(t) = -t**3 + 6*t**2 + 3*t - 13. Let w be h(6). What is c(w)?
10
Let r(u) = -6*u**2 - 2*u**2 + 6 + 2*u + 0*u**2 + 7*u**2. Determine r(-4).
-18
Suppose -5*i = -10 - 20. Let h(w) = -i + 2*w + 3 - 4*w. Let y(x) = x**3 + 9*x**2 + 9*x + 12. Let z be y(-8). Give h(z).
-11
Let r(m) = m + 10. Suppose -3*n + 14 = -0*q - 2*q, -q = 3*n - 2. Suppose -n*u + 0*u = 0. Give r(u).
10
Let o(u) = -u**3 + 2*u**2 - u - 1. Suppose 2*g - 4 = -4*h, -10 = -8*g + 3*g - 5*h. Calculate o(g).
-3
Let h(b) = b**2 + 2*b - 3. Let y be (-14)/(-8) - (-3)/12. Suppose -v = 1 + y. What is h(v)?
0
Let d(r) = -r**2 + 7*r + 8. Suppose 0 = -4*s + 6 + 6. Suppose -24 = -0*f - s*f. Let u be d(f). Let t(a) = -a + 8. Give t(u).
8
Suppose 36 = -7*y - 2*y. Let r(t) = -t**2 - 5*t + 4. Calculate r(y).
8
Let m(a) = 5*a**2 - a + 1. Let r be m(1). Let i(v) = 3 + v**3 - 35*v**2 - 3*v + 14*v**2 + 17*v**2. Give i(r).
13
Let t = 5 - 1. Suppose t*p = -2 - 2. Let q be (-3)/((-6)/8)*p. Let l(b) = b**3 + 5*b**2 + 5*b + 6. What is l(q)?
2
Let r(o) = 6*o**2 - 5*o + 1. Let l(x) be the second derivative of -5*x**4/12 + 5*x**3/6 + 7*x. Let p(t) = 5*l(t) + 4*r(t). Let w = -2 + 7. Give p(w).
4
Let c = -48 - -50. Let p(x) = 3*x - 2. Let h(z) = -3*z + 1. Let v(m) = 4*h(m) + 3*p(m). Determine v(c).
-8
Let t(a) be the third derivative of a**6/120 - a**5/10 - a**4/12 + 5*a**3/6 + a**2. Calculate t(6).
-7
Suppose -5*y + 20 = -0*y. Suppose -4*l - 2 = q - 4*q, y*l = -5*q + 46. Let g(d) = -4*d + 0 - 1 + d**2 + 3*d - q*d**3. Calculate g(-1).
7
Let f(z) = z**3 + 4*z**2 + 4*z. Suppose 3*r = g + 12, -4*g + 4*r - 27 = -r. What is f(g)?
-3
Let l(k) = 714*k - 85. Let z(c) = 17*c - 2. Let v(b) = 2*l(b) - 85*z(b). Determine v(1).
-17
Let j(m) = -5*m**2 + 5*m - 2. Suppose 5*a = -8 - 12. Let z(f) = -6*f**2 + 5*f - 2. Let r(d) = a*z(d) + 5*j(d). Give r(5).
-2
Let r(p) = p**2 - 5. Let d be 15/10 + (-11)/2. Determine r(d).
11
Let q(p) = -p + 1. Let z = 16 - 28. Let s = 13 + z. What is q(s)?
0
Let f(o) = o + 2. Let n(m) = -m - 2. Let l(u) = 3*f(u) + 2*n(u). Let y be l(-3). Let s(v) = -4*v**2 - 1. What is s(y)?
-5
Let a(h) = -3 + 1 + h - h**3 + 3 + 3*h**2. Suppose -12*x = -8*x - 40. Let c = 13 - x. Give a(c).
4
Let z(j) = j**2 - 15 + 0*j + 1 + 10*j + 8. Calculate z(-8).
-22
Let f(b) = 2*b**2 + 16*b - 12. Let t(j) = j**2 + 8*j - 6. Let d(g) = -2*f(g) + 5*t(g). Determine d(-5).
-21
Suppose -2*s = 2*h - 2, 0*s + 2 = 2*h - 3*s. Let t(o) = -4*o**2 - o - 1. Let z be t(h). Let y(b) = b - 5. Give y(z).
-11
Let k(j) = -9 + 13 + 5*j - 4*j. What is k(-7)?
-3
Let i be 2/9 + 2/(-9). Let f(p) = -p. Let c(a) = -3*a + 1. Let r(b) = c(b) - 5*f(b). Let u(n) = n + 1. Let g(l) = -2*r(l) + 5*u(l). Give g(i).
3
Let t(n) be the third derivative of 1/120*n**6 + 0*n + 0*n**5 + 0*n**3 - 2*n**2 - 1/24*n**4 + 0. Suppose -5*i - 23 = -3*y, -3*i = 5*y - i + 3. Determine t(y).
0
Let t(g) be the third derivative of -g**4/24 - 5*g**3/2 + 20*g**2. Give t(-9).
-6
Let z(i) = -5*i - 12. Let f(b) = -3*b - 8. Let q = 12 - 20. Let y(x) = q*f(x) + 5*z(x). Calculate y(0).
4
Let h(b) = -b**3 + 6*b**2 - 4*b - 7. Suppose u = -2*g - 0*u + 14, 35 = 5*g - 3*u. Suppose g = -s + 4*d, -d - d + 11 = s. What is h(s)?
-2
Let f(q) be the first derivative of -q**2/2 + 2*q + 6. Determine f(4).
-2
Let g(m) = -3*m - 3 + 4 - m**3 - 5 + 5*m**2. Let t be g(4). Let u(v) = -6 - v**2 + 2*v**2 + 3*v - 2*v. Determine u(t).
-6
Let f(n) = -n**3 + 3*n**2 + 4*n + 4. Let k be 24/9*6/4. Suppose 87 = 3*w - k*q - q, 5*w + 4*q = 108. Let t be w/15*(-5)/(-2). What is f(t)?
4
Let i(b) = -b**3 + b - 5. Let n be (-1)/(-3)*(-4 + 4). Let q = n + 0. Let z be i(q). Let x(a) = a - 1. What is x(z)?
-6
Let z(l) = -2*l + 6. Let w(u) = 2*u - 6. Let f(b) = -4*w(b) - 5*z(b). Let s be 6 - (0 + 1) - 0. Calculate f(s).
4
Suppose -4*v - v = 0. Let z(b) = 4*b - 3*b - 3*b + 10. Let s(n) = -5*n + 30. Let j(t) = 3*s(t) - 8*z(t). What is j(v)?
10
Let h(k) = 19*k**3 + 2*k**2 - 1. Suppose 5*i = -0 + 5. Determine h(i).
20
Let s(i) = 6*i**2 + 2*i - 1. Let n(w) be the third derivative of w**5/60 + w**4/12 + w**3/6 + 6*w**2. Let m be n(-2). Calculate s(m).
7
Let n(x) = 9*x**3 + 3*x**2 + 7*x - 4. Let q(u) = -5*u**3 - u**2 - 4*u + 3. Let o(t) = 6*n(t) + 11*q(t). Give o(7).
-5
Let f(w) = -5*w - 4*w + 3*w + 0*w. Determine f(-1).
6
Let c(q) = -3*q**3 - 4*q**2 + 4*q + 6. Let x(u) = 2*u**3 + 4*u**2 - 3*u - 5. Let r(i) = 3*c(i) + 4*x(i). Let y be 2/(2/(3 + 1)). Determine r(y).
-2
Let o(y) = 2*y - 8. Let c(m) = 10*m - 41. Let x(r) = -2*c(r) + 11*o(r). Let j be 0/(-1 - (-2 + 3)). Let i = 4 - j. Calculate x(i).
2
Let g(o) be the first derivative of -o**2/2 - 4*o + 1. Let l(y) = 3. Let a(k) = -5*k + 5. Let h be a(2). Let t(w) = h*l(w) - 4*g(w). Determine t(-2).
-7
Let d(b) = 2*b**3 + 5*b**2 + 5*b - 4. Let l(s) = -5*s**3 - 10*s**2 - 11*s + 7. Let v be (1 - 0/(-3))*7. Let m(w) = v*d(w) + 3*l(w). Determine m(5).
3
Let n(a) = a**3 + 3*a**2 - 3*a + 3. Let u be ((-32)/10 +